 is divided by 96.
20
Calculate the remainder when 8159 is divided by 7747.
412
Calculate the remainder when 20957 is divided by 80.
77
What is the remainder when 114077 is divided by 2037?
5
What is the remainder when 8582 is divided by 7562?
1020
Calculate the remainder when 8501 is divided by 62.
7
What is the remainder when 4011 is divided by 1965?
81
What is the remainder when 11489 is divided by 17?
14
Calculate the remainder when 241820 is divided by 5145.
5
What is the remainder when 10276 is divided by 260?
136
What is the remainder when 16544 is divided by 24?
8
What is the remainder when 47724 is divided by 115?
114
What is the remainder when 463094 is divided by 41?
40
What is the remainder when 54108 is divided by 81?
0
Calculate the remainder when 393187 is divided by 274.
271
Calculate the remainder when 2547 is divided by 794.
165
What is the remainder when 3140 is divided by 57?
5
What is the remainder when 10501 is divided by 458?
425
What is the remainder when 4251984 is divided by 69?
66
What is the remainder when 9867 is divided by 761?
735
Calculate the remainder when 2714 is divided by 237.
107
What is the remainder when 137860 is divided by 45952?
4
What is the remainder when 5908 is divided by 38?
18
What is the remainder when 3133 is divided by 266?
207
What is the remainder when 62582 is divided by 283?
39
What is the remainder when 723 is divided by 15?
3
What is the remainder when 41790 is divided by 108?
102
Calculate the remainder when 5261 is divided by 105.
11
Calculate the remainder when 590757 is divided by 60.
57
Calculate the remainder when 5603 is divided by 1261.
559
Calculate the remainder when 7910 is divided by 19.
6
What is the remainder when 5813 is divided by 640?
53
What is the remainder when 336382 is divided by 3?
1
Calculate the remainder when 1758 is divided by 586.
0
Calculate the remainder when 26601 is divided by 13291.
19
Calculate the remainder when 47507 is divided by 5937.
11
Calculate the remainder when 18819 is divided by 71.
4
Calculate the remainder when 101511 is divided by 14.
11
What is the remainder when 1567 is divided by 395?
382
Calculate the remainder when 6625 is divided by 3063.
499
What is the remainder when 631390 is divided by 8?
6
What is the remainder when 12007 is divided by 103?
59
Calculate the remainder when 283275 is divided by 213.
198
What is the remainder when 7928 is divided by 1319?
14
What is the remainder when 139869 is divided by 93?
90
What is the remainder when 2387 is divided by 860?
667
What is the remainder when 21224 is divided by 1021?
804
What is the remainder when 160044 is divided by 275?
269
Calculate the remainder when 21275 is divided by 434.
9
Calculate the remainder when 3030295 is divided by 1365.
1360
Calculate the remainder when 374841 is divided by 349.
15
What is the remainder when 81988 is divided by 90?
88
What is the remainder when 18744 is divided by 4616?
280
Calculate the remainder when 150735 is divided by 30127.
100
What is the remainder when 3082 is divided by 287?
212
What is the remainder when 8659 is divided by 29?
17
Calculate the remainder when 1629684 is divided by 7.
0
What is the remainder when 32358 is divided by 62?
56
What is the remainder when 341964 is divided by 68386?
34
Calculate the remainder when 333 is divided by 47.
4
Calculate the remainder when 11453 is divided by 51.
29
What is the remainder when 1288 is divided by 217?
203
Calculate the remainder when 18384 is divided by 18347.
37
What is the remainder when 77216 is divided by 286?
282
What is the remainder when 1708047 is divided by 354?
351
What is the remainder when 650630 is divided by 487?
485
What is the remainder when 1458574 is divided by 14?
12
Calculate the remainder when 262006 is divided by 24.
22
What is the remainder when 2884 is divided by 53?
22
What is the remainder when 188944 is divided by 18?
16
What is the remainder when 2503 is divided by 2503?
0
What is the remainder when 236350 is divided by 192?
190
Calculate the remainder when 70073 is divided by 435.
38
What is the remainder when 880 is divided by 44?
0
Calculate the remainder when 33238 is divided by 33215.
23
What is the remainder when 46598 is divided by 11640?
38
Calculate the remainder when 134630 is divided by 63.
62
Calculate the remainder when 956369 is divided by 4.
1
Calculate the remainder when 30785 is divided by 69.
11
Calculate the remainder when 132280 is divided by 210.
190
What is the remainder when 551 is divided by 35?
26
Calculate the remainder when 15687 is divided by 13.
9
Calculate the remainder when 269261 is divided by 1001.
993
Calculate the remainder when 14976 is divided by 61.
31
What is the remainder when 4960 is divided by 2479?
2
Calculate the remainder when 47729 is divided by 194.
5
What is the remainder when 2480 is divided by 613?
28
What is the remainder when 1995187 is divided by 629?
628
What is the remainder when 44565 is divided by 7425?
15
Calculate the remainder when 2728 is divided by 26.
24
Calculate the remainder when 11609 is divided by 647.
610
What is the remainder when 957 is divided by 28?
5
Calculate the remainder when 5211 is divided by 26.
11
Calculate the remainder when 10644 is divided by 1064.
4
Calculate the remainder when 19681 is divided by 97.
87
What is the remainder when 53270 is divided by 52854?
416
Calculate the remainder when 1510 is divided by 197.
131
Calculate the remainder when 3611 is divided by 47.
39
What is the remainder when 935347 is divided by 233836?
3
Calculate the remainder when 1293758 is divided by 52.
50
What is the remainder when 515641 is divided by 23438?
5
Calculate the remainder when 2430 is divided by 802.
24
Calculate the remainder when 797263 is divided by 45.
43
Calculate the remainder when 5964 is divided by 727.
148
Calculate the remainder when 156014 is divided by 19498.
30
What is the remainder when 27939 is divided by 184?
155
Calculate the remainder when 32120 is divided by 80.
40
Calculate the remainder when 334 is divided by 168.
166
Calculate the remainder when 8976 is divided by 313.
212
Calculate the remainder when 2222 is divided by 250.
222
What is the remainder when 52262 is divided by 57?
50
Calculate the remainder when 305321 is divided by 226.
221
What is the remainder when 11043 is divided by 920?
3
What is the remainder when 1154719 is divided by 11?
5
What is the remainder when 152900 is divided by 1593?
1565
What is the remainder when 16142 is divided by 4011?
98
Calculate the remainder when 78877 is divided by 4.
1
Calculate the remainder when 5544 is divided by 610.
54
What is the remainder when 4900 is divided by 360?
220
What is the remainder when 1332 is divided by 111?
0
Calculate the remainder when 7686 is divided by 7103.
583
Calculate the remainder when 22283 is divided by 654.
47
What is the remainder when 54469 is divided by 22?
19
Calculate the remainder when 5522 is divided by 172.
18
What is the remainder when 1873 is divided by 1474?
399
Calculate the remainder when 2761 is divided by 42.
31
Calculate the remainder when 32814 is divided by 19.
1
What is the remainder when 108169 is divided by 2?
1
Calculate the remainder when 53870 is divided by 73.
69
Calculate the remainder when 15270 is divided by 5081.
27
What is the remainder when 10724 is divided by 413?
399
What is the remainder when 7744 is divided by 121?
0
What is the remainder when 312233 is divided by 22301?
19
What is the remainder when 22529 is divided by 134?
17
What is the remainder when 4506 is divided by 329?
229
What is the remainder when 1120 is divided by 269?
44
What is the remainder when 91899 is divided by 36?
27
What is the remainder when 27293 is divided by 13641?
11
Calculate the remainder when 202013 is divided by 444.
437
What is the remainder when 7304 is divided by 77?
66
Calculate the remainder when 20533 is divided by 18.
13
Calculate the remainder when 258619 is divided by 86184.
67
Calculate the remainder when 7640 is divided by 134.
2
What is the remainder when 150423 is divided by 183?
180
Calculate the remainder when 36767 is divided by 29.
24
Calculate the remainder when 4629 is divided by 6.
3
Calculate the remainder when 25867 is divided by 927.
838
What i